{"id":2,"date":"2026-02-20T08:48:36","date_gmt":"2026-02-20T08:48:36","guid":{"rendered":"http:\/\/maisondraguignan.cloud\/?page_id=2"},"modified":"2026-02-23T15:52:36","modified_gmt":"2026-02-23T15:52:36","slug":"sample-page","status":"publish","type":"page","link":"https:\/\/maisondraguignan.cloud\/","title":{"rendered":"Accueil"},"content":{"rendered":"\n<p class=\"has-text-align-center\">Maison de 82 m\u00b2 \u00e0 vendre \u00e0 Draguignan quartier la colline aux ch\u00eanes. <\/p>\n\n\n\n<p class=\"has-text-align-center\">Prix : 320 000\u20ac<\/p>\n\n\n<div class=\"wp-block-image\">\n<figure class=\"aligncenter size-full\"><img loading=\"lazy\" decoding=\"async\" width=\"361\" height=\"238\" src=\"http:\/\/maisondraguignan.cloud\/wp-content\/uploads\/2026\/02\/maison1-1.jpg\" alt=\"\" class=\"wp-image-28\" srcset=\"https:\/\/maisondraguignan.cloud\/wp-content\/uploads\/2026\/02\/maison1-1.jpg 361w, https:\/\/maisondraguignan.cloud\/wp-content\/uploads\/2026\/02\/maison1-1-300x198.jpg 300w\" sizes=\"auto, (max-width: 361px) 100vw, 361px\" \/><\/figure>\n<\/div>\n\n\n<p class=\"has-text-align-center\">5 Pi\u00e8ces, deux chambres et une mezzanine. <\/p>\n\n\n\n<p class=\"has-text-align-center\">Piscine enterr\u00e9e de 7m sur 4m.<\/p>\n","protected":false},"excerpt":{"rendered":"<p>Maison de 82 m\u00b2 \u00e0 vendre \u00e0 Draguignan quartier la colline aux ch\u00eanes. Prix : 320 000\u20ac 5 Pi\u00e8ces, deux chambres et une mezzanine. Piscine enterr\u00e9e de 7m sur 4m.<\/p>\n","protected":false},"author":1,"featured_media":0,"parent":0,"menu_order":0,"comment_status":"closed","ping_status":"open","template":"","meta":{"footnotes":""},"class_list":["post-2","page","type-page","status-publish","hentry"],"_links":{"self":[{"href":"https:\/\/maisondraguignan.cloud\/index.php?rest_route=\/wp\/v2\/pages\/2","targetHints":{"allow":["GET"]}}],"collection":[{"href":"https:\/\/maisondraguignan.cloud\/index.php?rest_route=\/wp\/v2\/pages"}],"about":[{"href":"https:\/\/maisondraguignan.cloud\/index.php?rest_route=\/wp\/v2\/types\/page"}],"author":[{"embeddable":true,"href":"https:\/\/maisondraguignan.cloud\/index.php?rest_route=\/wp\/v2\/users\/1"}],"replies":[{"embeddable":true,"href":"https:\/\/maisondraguignan.cloud\/index.php?rest_route=%2Fwp%2Fv2%2Fcomments&post=2"}],"version-history":[{"count":4,"href":"https:\/\/maisondraguignan.cloud\/index.php?rest_route=\/wp\/v2\/pages\/2\/revisions"}],"predecessor-version":[{"id":90,"href":"https:\/\/maisondraguignan.cloud\/index.php?rest_route=\/wp\/v2\/pages\/2\/revisions\/90"}],"wp:attachment":[{"href":"https:\/\/maisondraguignan.cloud\/index.php?rest_route=%2Fwp%2Fv2%2Fmedia&parent=2"}],"curies":[{"name":"wp","href":"https:\/\/api.w.org\/{rel}","templated":true}]}}